{"id":2141,"date":"2022-02-08T15:11:47","date_gmt":"2022-02-08T15:11:47","guid":{"rendered":"https:\/\/cab-acr.ca\/a-propos-de-lacr\/accessiblity\/"},"modified":"2022-12-01T16:42:32","modified_gmt":"2022-12-01T16:42:32","slug":"d-accessibilite","status":"publish","type":"page","link":"https:\/\/www.cab-acr.ca\/fr\/a-propos-de-lacr\/d-accessibilite\/","title":{"rendered":"Accessibilit\u00e9"},"content":{"rendered":"","protected":false},"excerpt":{"rendered":"","protected":false},"author":4,"featured_media":0,"parent":2125,"menu_order":0,"comment_status":"closed","ping_status":"closed","template":"","meta":{"_acf_changed":false,"_genesis_hide_title":false,"_genesis_hide_breadcrumbs":false,"_genesis_hide_singular_image":false,"_genesis_hide_footer_widgets":false,"_genesis_custom_body_class":"","_genesis_custom_post_class":"","_genesis_layout":"","footnotes":""},"class_list":{"0":"post-2141","1":"page","2":"type-page","3":"status-publish","5":"entry"},"acf":{"page_builder":[{"acf_fc_layout":"block-content","remove_padding":"","block_content":{"block_content_title":"","block_content_content":"L\u2019ACR a adopt\u00e9 les principes d\u2019accessibilit\u00e9 au site Web mis au point par le World Wide Web Consortium (W3C) et qui sont \u00e9nonc\u00e9s dans\u00a0<em>Web Content Accessibility Guidelines 2.0<\/em>\u00a0(les directives de la norme WCAG\u00a02.0). Les principes suivantes s\u2019appliquent aux documents tant HTML que PDF\u00a0:\r\n<ul type=\"disc\">\r\n \t<li>Lorsque le contenu n\u2019est pas en mode texte mais sert \u00e0 communiquer des renseignements, on utilise des moyens alternatifs pour communiquer les m\u00eames renseignements, \u00e0 moins que ce contenu soit uniquement du multim\u00e9dia, de l\u2019audio ou de la vid\u00e9o en direct. (Directive 1.1.1)<\/li>\r\n \t<li>Le contraste de luminosit\u00e9 entre les textes ou les diagrammes et le fond de l\u2019\u00e9cran est d\u2019au moins 5:1. (Directive 1.4.1)<\/li>\r\n \t<li>Toutes les fonctions sont accessibles \u00e0 l\u2019aide du clavier, sans limite de temps. (Directive 2.1.2)<\/li>\r\n \t<li>Il existe plusieurs moyens d\u2019extraire le contenu d\u2019un ensemble d\u2019unit\u00e9s de transmission pourvu que le contenu ne constitue pas l\u2019\u00e9tape d\u2019un processus ou n\u2019en soit pas le r\u00e9sultat. (Directive 2.4.2)<\/li>\r\n \t<li>Les titres, les en-t\u00eates et les rep\u00e8res sont descriptifs. (Directive 2.4.6)<\/li>\r\n<\/ul>\r\nL\u2019ACR poursuit ses efforts pour se conformer aux principes \u00e9nonc\u00e9s dans la norme WCAG 2.0 et voir \u00e0 ce que le contenu de son site Web soit accessible \u00e0 la plus grande gamme possible d\u2019utilisateurs.\r\n\r\nL\u2019ACR a l\u2019intention de continuer ses efforts et d\u2019aller de l\u2019avant en vue d\u2019assurer un site Web n\u2019excluant personne et de fournir du contenu auquel la plus grande vari\u00e9t\u00e9 d\u2019utilisateurs puisse acc\u00e9der."}}]},"yoast_head":"<!-- This site is optimized with the Yoast SEO plugin v27.4 - https:\/\/yoast.com\/product\/yoast-seo-wordpress\/ -->\n<title>Accessibilit\u00e9 - Association canadienne des radiodiffuseurs<\/title>\n<meta name=\"robots\" content=\"index, follow, max-snippet:-1, max-image-preview:large, max-video-preview:-1\" \/>\n<link rel=\"canonical\" href=\"https:\/\/www.cab-acr.ca\/fr\/a-propos-de-lacr\/d-accessibilite\/\" \/>\n<meta property=\"og:locale\" content=\"fr_FR\" \/>\n<meta property=\"og:type\" content=\"article\" \/>\n<meta property=\"og:title\" content=\"Accessibilit\u00e9 - Association canadienne des radiodiffuseurs\" \/>\n<meta property=\"og:url\" content=\"https:\/\/www.cab-acr.ca\/fr\/a-propos-de-lacr\/d-accessibilite\/\" \/>\n<meta property=\"og:site_name\" content=\"Association canadienne des radiodiffuseurs\" \/>\n<meta property=\"article:modified_time\" content=\"2022-12-01T16:42:32+00:00\" \/>\n<meta name=\"twitter:card\" content=\"summary_large_image\" \/>\n<script type=\"application\/ld+json\" class=\"yoast-schema-graph\">{\"@context\":\"https:\\\/\\\/schema.org\",\"@graph\":[{\"@type\":\"WebPage\",\"@id\":\"https:\\\/\\\/www.cab-acr.ca\\\/fr\\\/a-propos-de-lacr\\\/d-accessibilite\\\/\",\"url\":\"https:\\\/\\\/www.cab-acr.ca\\\/fr\\\/a-propos-de-lacr\\\/d-accessibilite\\\/\",\"name\":\"Accessibilit\u00e9 - Association canadienne des radiodiffuseurs\",\"isPartOf\":{\"@id\":\"https:\\\/\\\/www.cab-acr.ca\\\/fr\\\/#website\"},\"datePublished\":\"2022-02-08T15:11:47+00:00\",\"dateModified\":\"2022-12-01T16:42:32+00:00\",\"breadcrumb\":{\"@id\":\"https:\\\/\\\/www.cab-acr.ca\\\/fr\\\/a-propos-de-lacr\\\/d-accessibilite\\\/#breadcrumb\"},\"inLanguage\":\"fr-FR\",\"potentialAction\":[{\"@type\":\"ReadAction\",\"target\":[\"https:\\\/\\\/www.cab-acr.ca\\\/fr\\\/a-propos-de-lacr\\\/d-accessibilite\\\/\"]}]},{\"@type\":\"BreadcrumbList\",\"@id\":\"https:\\\/\\\/www.cab-acr.ca\\\/fr\\\/a-propos-de-lacr\\\/d-accessibilite\\\/#breadcrumb\",\"itemListElement\":[{\"@type\":\"ListItem\",\"position\":1,\"name\":\"Home\",\"item\":\"https:\\\/\\\/www.cab-acr.ca\\\/fr\\\/\"},{\"@type\":\"ListItem\",\"position\":2,\"name\":\"\u00c0 propos de l\u2019ACR\",\"item\":\"https:\\\/\\\/www.cab-acr.ca\\\/fr\\\/a-propos-de-lacr\\\/\"},{\"@type\":\"ListItem\",\"position\":3,\"name\":\"Accessibilit\u00e9\"}]},{\"@type\":\"WebSite\",\"@id\":\"https:\\\/\\\/www.cab-acr.ca\\\/fr\\\/#website\",\"url\":\"https:\\\/\\\/www.cab-acr.ca\\\/fr\\\/\",\"name\":\"Association canadienne des radiodiffuseurs\",\"description\":\"ACR\",\"potentialAction\":[{\"@type\":\"SearchAction\",\"target\":{\"@type\":\"EntryPoint\",\"urlTemplate\":\"https:\\\/\\\/www.cab-acr.ca\\\/fr\\\/?s={search_term_string}\"},\"query-input\":{\"@type\":\"PropertyValueSpecification\",\"valueRequired\":true,\"valueName\":\"search_term_string\"}}],\"inLanguage\":\"fr-FR\"}]}<\/script>\n<!-- \/ Yoast SEO plugin. -->","yoast_head_json":{"title":"Accessibilit\u00e9 - Association canadienne des radiodiffuseurs","robots":{"index":"index","follow":"follow","max-snippet":"max-snippet:-1","max-image-preview":"max-image-preview:large","max-video-preview":"max-video-preview:-1"},"canonical":"https:\/\/www.cab-acr.ca\/fr\/a-propos-de-lacr\/d-accessibilite\/","og_locale":"fr_FR","og_type":"article","og_title":"Accessibilit\u00e9 - Association canadienne des radiodiffuseurs","og_url":"https:\/\/www.cab-acr.ca\/fr\/a-propos-de-lacr\/d-accessibilite\/","og_site_name":"Association canadienne des radiodiffuseurs","article_modified_time":"2022-12-01T16:42:32+00:00","twitter_card":"summary_large_image","schema":{"@context":"https:\/\/schema.org","@graph":[{"@type":"WebPage","@id":"https:\/\/www.cab-acr.ca\/fr\/a-propos-de-lacr\/d-accessibilite\/","url":"https:\/\/www.cab-acr.ca\/fr\/a-propos-de-lacr\/d-accessibilite\/","name":"Accessibilit\u00e9 - Association canadienne des radiodiffuseurs","isPartOf":{"@id":"https:\/\/www.cab-acr.ca\/fr\/#website"},"datePublished":"2022-02-08T15:11:47+00:00","dateModified":"2022-12-01T16:42:32+00:00","breadcrumb":{"@id":"https:\/\/www.cab-acr.ca\/fr\/a-propos-de-lacr\/d-accessibilite\/#breadcrumb"},"inLanguage":"fr-FR","potentialAction":[{"@type":"ReadAction","target":["https:\/\/www.cab-acr.ca\/fr\/a-propos-de-lacr\/d-accessibilite\/"]}]},{"@type":"BreadcrumbList","@id":"https:\/\/www.cab-acr.ca\/fr\/a-propos-de-lacr\/d-accessibilite\/#breadcrumb","itemListElement":[{"@type":"ListItem","position":1,"name":"Home","item":"https:\/\/www.cab-acr.ca\/fr\/"},{"@type":"ListItem","position":2,"name":"\u00c0 propos de l\u2019ACR","item":"https:\/\/www.cab-acr.ca\/fr\/a-propos-de-lacr\/"},{"@type":"ListItem","position":3,"name":"Accessibilit\u00e9"}]},{"@type":"WebSite","@id":"https:\/\/www.cab-acr.ca\/fr\/#website","url":"https:\/\/www.cab-acr.ca\/fr\/","name":"Association canadienne des radiodiffuseurs","description":"ACR","potentialAction":[{"@type":"SearchAction","target":{"@type":"EntryPoint","urlTemplate":"https:\/\/www.cab-acr.ca\/fr\/?s={search_term_string}"},"query-input":{"@type":"PropertyValueSpecification","valueRequired":true,"valueName":"search_term_string"}}],"inLanguage":"fr-FR"}]}},"_links":{"self":[{"href":"https:\/\/www.cab-acr.ca\/fr\/wp-json\/wp\/v2\/pages\/2141","targetHints":{"allow":["GET"]}}],"collection":[{"href":"https:\/\/www.cab-acr.ca\/fr\/wp-json\/wp\/v2\/pages"}],"about":[{"href":"https:\/\/www.cab-acr.ca\/fr\/wp-json\/wp\/v2\/types\/page"}],"author":[{"embeddable":true,"href":"https:\/\/www.cab-acr.ca\/fr\/wp-json\/wp\/v2\/users\/4"}],"replies":[{"embeddable":true,"href":"https:\/\/www.cab-acr.ca\/fr\/wp-json\/wp\/v2\/comments?post=2141"}],"version-history":[{"count":0,"href":"https:\/\/www.cab-acr.ca\/fr\/wp-json\/wp\/v2\/pages\/2141\/revisions"}],"up":[{"embeddable":true,"href":"https:\/\/www.cab-acr.ca\/fr\/wp-json\/wp\/v2\/pages\/2125"}],"wp:attachment":[{"href":"https:\/\/www.cab-acr.ca\/fr\/wp-json\/wp\/v2\/media?parent=2141"}],"curies":[{"name":"wp","href":"https:\/\/api.w.org\/{rel}","templated":true}]}}

Accessibilité

L’ACR a adopté les principes d’accessibilité au site Web mis au point par le World Wide Web Consortium (W3C) et qui sont énoncés dans <em>Web Content Accessibility Guidelines 2.0</em> (les directives de la norme WCAG 2.0). Les principes suivantes s’appliquent aux documents tant HTML que PDF :
<ul type="disc">
 	<li>Lorsque le contenu n’est pas en mode texte mais sert à communiquer des renseignements, on utilise des moyens alternatifs pour communiquer les mêmes renseignements, à moins que ce contenu soit uniquement du multimédia, de l’audio ou de la vidéo en direct. (Directive 1.1.1)</li>
 	<li>Le contraste de luminosité entre les textes ou les diagrammes et le fond de l’écran est d’au moins 5:1. (Directive 1.4.1)</li>
 	<li>Toutes les fonctions sont accessibles à l’aide du clavier, sans limite de temps. (Directive 2.1.2)</li>
 	<li>Il existe plusieurs moyens d’extraire le contenu d’un ensemble d’unités de transmission pourvu que le contenu ne constitue pas l’étape d’un processus ou n’en soit pas le résultat. (Directive 2.4.2)</li>
 	<li>Les titres, les en-têtes et les repères sont descriptifs. (Directive 2.4.6)</li>
</ul>
L’ACR poursuit ses efforts pour se conformer aux principes énoncés dans la norme WCAG 2.0 et voir à ce que le contenu de son site Web soit accessible à la plus grande gamme possible d’utilisateurs.

L’ACR a l’intention de continuer ses efforts et d’aller de l’avant en vue d’assurer un site Web n’excluant personne et de fournir du contenu auquel la plus grande variété d’utilisateurs puisse accéder.

<!-- This site is optimized with the Yoast SEO plugin v27.4 - https://yoast.com/product/yoast-seo-wordpress/ -->
<title>Accessibilité - Association canadienne des radiodiffuseurs</title>
<meta name="robots" content="index, follow, max-snippet:-1, max-image-preview:large, max-video-preview:-1" />
<link rel="canonical" href="https://www.cab-acr.ca/fr/a-propos-de-lacr/d-accessibilite/" />
<meta property="og:locale" content="fr_FR" />
<meta property="og:type" content="article" />
<meta property="og:title" content="Accessibilité - Association canadienne des radiodiffuseurs" />
<meta property="og:url" content="https://www.cab-acr.ca/fr/a-propos-de-lacr/d-accessibilite/" />
<meta property="og:site_name" content="Association canadienne des radiodiffuseurs" />
<meta property="article:modified_time" content="2022-12-01T16:42:32+00:00" />
<meta name="twitter:card" content="summary_large_image" />
<script type="application/ld+json" class="yoast-schema-graph">{"@context":"https:\/\/schema.org","@graph":[{"@type":"WebPage","@id":"https:\/\/www.cab-acr.ca\/fr\/a-propos-de-lacr\/d-accessibilite\/","url":"https:\/\/www.cab-acr.ca\/fr\/a-propos-de-lacr\/d-accessibilite\/","name":"Accessibilité - Association canadienne des radiodiffuseurs","isPartOf":{"@id":"https:\/\/www.cab-acr.ca\/fr\/#website"},"datePublished":"2022-02-08T15:11:47+00:00","dateModified":"2022-12-01T16:42:32+00:00","breadcrumb":{"@id":"https:\/\/www.cab-acr.ca\/fr\/a-propos-de-lacr\/d-accessibilite\/#breadcrumb"},"inLanguage":"fr-FR","potentialAction":[{"@type":"ReadAction","target":["https:\/\/www.cab-acr.ca\/fr\/a-propos-de-lacr\/d-accessibilite\/"]}]},{"@type":"BreadcrumbList","@id":"https:\/\/www.cab-acr.ca\/fr\/a-propos-de-lacr\/d-accessibilite\/#breadcrumb","itemListElement":[{"@type":"ListItem","position":1,"name":"Home","item":"https:\/\/www.cab-acr.ca\/fr\/"},{"@type":"ListItem","position":2,"name":"À propos de l’ACR","item":"https:\/\/www.cab-acr.ca\/fr\/a-propos-de-lacr\/"},{"@type":"ListItem","position":3,"name":"Accessibilité"}]},{"@type":"WebSite","@id":"https:\/\/www.cab-acr.ca\/fr\/#website","url":"https:\/\/www.cab-acr.ca\/fr\/","name":"Association canadienne des radiodiffuseurs","description":"ACR","potentialAction":[{"@type":"SearchAction","target":{"@type":"EntryPoint","urlTemplate":"https:\/\/www.cab-acr.ca\/fr\/?s={search_term_string}"},"query-input":{"@type":"PropertyValueSpecification","valueRequired":true,"valueName":"search_term_string"}}],"inLanguage":"fr-FR"}]}</script>
<!-- / Yoast SEO plugin. -->

Accessibilité - Association canadienne des radiodiffuseurs

À propos de l’ACR
