{"id":2126,"date":"2022-01-06T14:43:20","date_gmt":"2022-01-06T19:43:20","guid":{"rendered":"https:\/\/cab-acr.ca\/la-radiodiffusion-privee\/"},"modified":"2025-10-23T09:07:09","modified_gmt":"2025-10-23T13:07:09","slug":"la-radiodiffusion-privee","status":"publish","type":"page","link":"https:\/\/www.cab-acr.ca\/fr\/la-radiodiffusion-privee\/","title":{"rendered":"La radiodiffusion priv\u00e9e"},"content":{"rendered":"","protected":false},"excerpt":{"rendered":"","protected":false},"author":4,"featured_media":2115,"parent":0,"menu_order":0,"comment_status":"closed","ping_status":"closed","template":"","meta":{"_acf_changed":false,"_genesis_hide_title":false,"_genesis_hide_breadcrumbs":false,"_genesis_hide_singular_image":false,"_genesis_hide_footer_widgets":false,"_genesis_custom_body_class":"","_genesis_custom_post_class":"","_genesis_layout":"","footnotes":""},"class_list":{"0":"post-2126","1":"page","2":"type-page","3":"status-publish","4":"has-post-thumbnail","6":"entry"},"acf":{"page_builder":[{"acf_fc_layout":"block-cta","cta_background_colour":"white","cta_text":"Nous appuyons les histoires canadiennes r\u00e9alis\u00e9es par des Canadiens pour les Canadiens."},{"acf_fc_layout":"block-alternating-sections","remove_padding":["top"],"reverse_start":false,"block_alternating_section":[{"block_alternating_section_content":{"block_alternating_section_content_text":{"block_alternating_section_content_title":"Conserver des centaines de milliers d\u2019emplois","block_alternating_section_content_description":"Les radiodiffuseurs cr\u00e9ent et conservent des emplois dans leurs communaut\u00e9s. Ils emploient directement des gens dans un \u00e9ventail de postes : journalistes, cr\u00e9ateurs, producteurs, employ\u00e9s affect\u00e9s au soutien technique et personnel administratif professionnel. Ils assurent \u00e9galement l\u2019appui essentiel pour aider \u00e0 favoriser les artistes et font fonction de plateforme pour les organismes et commerces locaux.  ","block_alternating_section_content_button_text":"","block_alternating_section_content_button_link":null},"block_alternating_section_content_image":2055}},{"block_alternating_section_content":{"block_alternating_section_content_text":{"block_alternating_section_content_title":"Les nouvelles locales : une partie int\u00e9grante de votre communaut\u00e9","block_alternating_section_content_description":"De la couverture des \u00e9v\u00e9nements locaux aux mises \u00e0 jour sur ce qui se passe au palier municipal ou la pr\u00e9sentation de nouvelles de derni\u00e8re heure, les radiodiffuseurs priv\u00e9s racontent les histoires canadiennes par le biais d\u2019une vari\u00e9t\u00e9 de sources de nouvelles. ","block_alternating_section_content_button_text":"","block_alternating_section_content_button_link":null},"block_alternating_section_content_image":2057}},{"block_alternating_section_content":{"block_alternating_section_content_text":{"block_alternating_section_content_title":"Pr\u00e9senter des histoires canadiennes qui comptent","block_alternating_section_content_description":"Les radiodiffuseurs priv\u00e9s offrent de la programmation pour tous. Nous sommes vos stations de radio et de t\u00e9l\u00e9vision locales et nous vous pr\u00e9sentons les histoires qui vous touchent et qui sont le reflet de vos communaut\u00e9s.","block_alternating_section_content_button_text":"","block_alternating_section_content_button_link":null},"block_alternating_section_content_image":1355}}]}]},"yoast_head":"<!-- This site is optimized with the Yoast SEO plugin v27.5 - https:\/\/yoast.com\/product\/yoast-seo-wordpress\/ -->\n<title>La radiodiffusion priv\u00e9e - Association canadienne des radiodiffuseurs<\/title>\n<meta name=\"robots\" content=\"index, follow, max-snippet:-1, max-image-preview:large, max-video-preview:-1\" \/>\n<link rel=\"canonical\" href=\"https:\/\/www.cab-acr.ca\/fr\/la-radiodiffusion-privee\/\" \/>\n<meta property=\"og:locale\" content=\"fr_FR\" \/>\n<meta property=\"og:type\" content=\"article\" \/>\n<meta property=\"og:title\" content=\"La radiodiffusion priv\u00e9e - Association canadienne des radiodiffuseurs\" \/>\n<meta property=\"og:url\" content=\"https:\/\/www.cab-acr.ca\/fr\/la-radiodiffusion-privee\/\" \/>\n<meta property=\"og:site_name\" content=\"Association canadienne des radiodiffuseurs\" \/>\n<meta property=\"article:modified_time\" content=\"2025-10-23T13:07:09+00:00\" \/>\n<meta property=\"og:image\" content=\"https:\/\/www.cab-acr.ca\/wp-content\/uploads\/2022\/01\/homepage-featuredsection_cropped.png\" \/>\n\t<meta property=\"og:image:width\" content=\"2237\" \/>\n\t<meta property=\"og:image:height\" content=\"1054\" \/>\n\t<meta property=\"og:image:type\" content=\"image\/png\" \/>\n<meta name=\"twitter:card\" content=\"summary_large_image\" \/>\n<meta name=\"twitter:label1\" content=\"Dur\u00e9e de lecture estim\u00e9e\" \/>\n\t<meta name=\"twitter:data1\" content=\"1 minute\" \/>\n<script type=\"application\/ld+json\" class=\"yoast-schema-graph\">{\"@context\":\"https:\\\/\\\/schema.org\",\"@graph\":[{\"@type\":\"WebPage\",\"@id\":\"https:\\\/\\\/www.cab-acr.ca\\\/fr\\\/la-radiodiffusion-privee\\\/\",\"url\":\"https:\\\/\\\/www.cab-acr.ca\\\/fr\\\/la-radiodiffusion-privee\\\/\",\"name\":\"La radiodiffusion priv\u00e9e - Association canadienne des radiodiffuseurs\",\"isPartOf\":{\"@id\":\"https:\\\/\\\/www.cab-acr.ca\\\/fr\\\/#website\"},\"primaryImageOfPage\":{\"@id\":\"https:\\\/\\\/www.cab-acr.ca\\\/fr\\\/la-radiodiffusion-privee\\\/#primaryimage\"},\"image\":{\"@id\":\"https:\\\/\\\/www.cab-acr.ca\\\/fr\\\/la-radiodiffusion-privee\\\/#primaryimage\"},\"thumbnailUrl\":\"https:\\\/\\\/www.cab-acr.ca\\\/wp-content\\\/uploads\\\/2022\\\/01\\\/homepage-featuredsection_cropped.png\",\"datePublished\":\"2022-01-06T19:43:20+00:00\",\"dateModified\":\"2025-10-23T13:07:09+00:00\",\"breadcrumb\":{\"@id\":\"https:\\\/\\\/www.cab-acr.ca\\\/fr\\\/la-radiodiffusion-privee\\\/#breadcrumb\"},\"inLanguage\":\"fr-FR\",\"potentialAction\":[{\"@type\":\"ReadAction\",\"target\":[\"https:\\\/\\\/www.cab-acr.ca\\\/fr\\\/la-radiodiffusion-privee\\\/\"]}]},{\"@type\":\"ImageObject\",\"inLanguage\":\"fr-FR\",\"@id\":\"https:\\\/\\\/www.cab-acr.ca\\\/fr\\\/la-radiodiffusion-privee\\\/#primaryimage\",\"url\":\"https:\\\/\\\/www.cab-acr.ca\\\/wp-content\\\/uploads\\\/2022\\\/01\\\/homepage-featuredsection_cropped.png\",\"contentUrl\":\"https:\\\/\\\/www.cab-acr.ca\\\/wp-content\\\/uploads\\\/2022\\\/01\\\/homepage-featuredsection_cropped.png\",\"width\":2237,\"height\":1054},{\"@type\":\"BreadcrumbList\",\"@id\":\"https:\\\/\\\/www.cab-acr.ca\\\/fr\\\/la-radiodiffusion-privee\\\/#breadcrumb\",\"itemListElement\":[{\"@type\":\"ListItem\",\"position\":1,\"name\":\"Home\",\"item\":\"https:\\\/\\\/www.cab-acr.ca\\\/fr\\\/\"},{\"@type\":\"ListItem\",\"position\":2,\"name\":\"La radiodiffusion priv\u00e9e\"}]},{\"@type\":\"WebSite\",\"@id\":\"https:\\\/\\\/www.cab-acr.ca\\\/fr\\\/#website\",\"url\":\"https:\\\/\\\/www.cab-acr.ca\\\/fr\\\/\",\"name\":\"Association canadienne des radiodiffuseurs\",\"description\":\"ACR\",\"potentialAction\":[{\"@type\":\"SearchAction\",\"target\":{\"@type\":\"EntryPoint\",\"urlTemplate\":\"https:\\\/\\\/www.cab-acr.ca\\\/fr\\\/?s={search_term_string}\"},\"query-input\":{\"@type\":\"PropertyValueSpecification\",\"valueRequired\":true,\"valueName\":\"search_term_string\"}}],\"inLanguage\":\"fr-FR\"}]}<\/script>\n<!-- \/ Yoast SEO plugin. -->","yoast_head_json":{"title":"La radiodiffusion priv\u00e9e - Association canadienne des radiodiffuseurs","robots":{"index":"index","follow":"follow","max-snippet":"max-snippet:-1","max-image-preview":"max-image-preview:large","max-video-preview":"max-video-preview:-1"},"canonical":"https:\/\/www.cab-acr.ca\/fr\/la-radiodiffusion-privee\/","og_locale":"fr_FR","og_type":"article","og_title":"La radiodiffusion priv\u00e9e - Association canadienne des radiodiffuseurs","og_url":"https:\/\/www.cab-acr.ca\/fr\/la-radiodiffusion-privee\/","og_site_name":"Association canadienne des radiodiffuseurs","article_modified_time":"2025-10-23T13:07:09+00:00","og_image":[{"width":2237,"height":1054,"url":"https:\/\/www.cab-acr.ca\/wp-content\/uploads\/2022\/01\/homepage-featuredsection_cropped.png","type":"image\/png"}],"twitter_card":"summary_large_image","twitter_misc":{"Dur\u00e9e de lecture estim\u00e9e":"1 minute"},"schema":{"@context":"https:\/\/schema.org","@graph":[{"@type":"WebPage","@id":"https:\/\/www.cab-acr.ca\/fr\/la-radiodiffusion-privee\/","url":"https:\/\/www.cab-acr.ca\/fr\/la-radiodiffusion-privee\/","name":"La radiodiffusion priv\u00e9e - Association canadienne des radiodiffuseurs","isPartOf":{"@id":"https:\/\/www.cab-acr.ca\/fr\/#website"},"primaryImageOfPage":{"@id":"https:\/\/www.cab-acr.ca\/fr\/la-radiodiffusion-privee\/#primaryimage"},"image":{"@id":"https:\/\/www.cab-acr.ca\/fr\/la-radiodiffusion-privee\/#primaryimage"},"thumbnailUrl":"https:\/\/www.cab-acr.ca\/wp-content\/uploads\/2022\/01\/homepage-featuredsection_cropped.png","datePublished":"2022-01-06T19:43:20+00:00","dateModified":"2025-10-23T13:07:09+00:00","breadcrumb":{"@id":"https:\/\/www.cab-acr.ca\/fr\/la-radiodiffusion-privee\/#breadcrumb"},"inLanguage":"fr-FR","potentialAction":[{"@type":"ReadAction","target":["https:\/\/www.cab-acr.ca\/fr\/la-radiodiffusion-privee\/"]}]},{"@type":"ImageObject","inLanguage":"fr-FR","@id":"https:\/\/www.cab-acr.ca\/fr\/la-radiodiffusion-privee\/#primaryimage","url":"https:\/\/www.cab-acr.ca\/wp-content\/uploads\/2022\/01\/homepage-featuredsection_cropped.png","contentUrl":"https:\/\/www.cab-acr.ca\/wp-content\/uploads\/2022\/01\/homepage-featuredsection_cropped.png","width":2237,"height":1054},{"@type":"BreadcrumbList","@id":"https:\/\/www.cab-acr.ca\/fr\/la-radiodiffusion-privee\/#breadcrumb","itemListElement":[{"@type":"ListItem","position":1,"name":"Home","item":"https:\/\/www.cab-acr.ca\/fr\/"},{"@type":"ListItem","position":2,"name":"La radiodiffusion priv\u00e9e"}]},{"@type":"WebSite","@id":"https:\/\/www.cab-acr.ca\/fr\/#website","url":"https:\/\/www.cab-acr.ca\/fr\/","name":"Association canadienne des radiodiffuseurs","description":"ACR","potentialAction":[{"@type":"SearchAction","target":{"@type":"EntryPoint","urlTemplate":"https:\/\/www.cab-acr.ca\/fr\/?s={search_term_string}"},"query-input":{"@type":"PropertyValueSpecification","valueRequired":true,"valueName":"search_term_string"}}],"inLanguage":"fr-FR"}]}},"_links":{"self":[{"href":"https:\/\/www.cab-acr.ca\/fr\/wp-json\/wp\/v2\/pages\/2126","targetHints":{"allow":["GET"]}}],"collection":[{"href":"https:\/\/www.cab-acr.ca\/fr\/wp-json\/wp\/v2\/pages"}],"about":[{"href":"https:\/\/www.cab-acr.ca\/fr\/wp-json\/wp\/v2\/types\/page"}],"author":[{"embeddable":true,"href":"https:\/\/www.cab-acr.ca\/fr\/wp-json\/wp\/v2\/users\/4"}],"replies":[{"embeddable":true,"href":"https:\/\/www.cab-acr.ca\/fr\/wp-json\/wp\/v2\/comments?post=2126"}],"version-history":[{"count":0,"href":"https:\/\/www.cab-acr.ca\/fr\/wp-json\/wp\/v2\/pages\/2126\/revisions"}],"wp:featuredmedia":[{"embeddable":true,"href":"https:\/\/www.cab-acr.ca\/fr\/wp-json\/wp\/v2\/media\/2115"}],"wp:attachment":[{"href":"https:\/\/www.cab-acr.ca\/fr\/wp-json\/wp\/v2\/media?parent=2126"}],"curies":[{"name":"wp","href":"https:\/\/api.w.org\/{rel}","templated":true}]}}

La radiodiffusion privée

Nous appuyons les histoires canadiennes réalisées par des Canadiens pour les Canadiens.

Les radiodiffuseurs créent et conservent des emplois dans leurs communautés. Ils emploient directement des gens dans un éventail de postes : journalistes, créateurs, producteurs, employés affectés au soutien technique et personnel administratif professionnel. Ils assurent également l’appui essentiel pour aider à favoriser les artistes et font fonction de plateforme pour les organismes et commerces locaux.

Les nouvelles locales : une partie intégrante de votre communauté

De la couverture des événements locaux aux mises à jour sur ce qui se passe au palier municipal ou la présentation de nouvelles de dernière heure, les radiodiffuseurs privés racontent les histoires canadiennes par le biais d’une variété de sources de nouvelles.

Présenter des histoires canadiennes qui comptent

Les radiodiffuseurs privés offrent de la programmation pour tous. Nous sommes vos stations de radio et de télévision locales et nous vous présentons les histoires qui vous touchent et qui sont le reflet de vos communautés.

<!-- This site is optimized with the Yoast SEO plugin v27.5 - https://yoast.com/product/yoast-seo-wordpress/ -->
<title>La radiodiffusion privée - Association canadienne des radiodiffuseurs</title>
<meta name="robots" content="index, follow, max-snippet:-1, max-image-preview:large, max-video-preview:-1" />
<link rel="canonical" href="https://www.cab-acr.ca/fr/la-radiodiffusion-privee/" />
<meta property="og:locale" content="fr_FR" />
<meta property="og:type" content="article" />
<meta property="og:title" content="La radiodiffusion privée - Association canadienne des radiodiffuseurs" />
<meta property="og:url" content="https://www.cab-acr.ca/fr/la-radiodiffusion-privee/" />
<meta property="og:site_name" content="Association canadienne des radiodiffuseurs" />
<meta property="article:modified_time" content="2025-10-23T13:07:09+00:00" />
<meta property="og:image" content="https://www.cab-acr.ca/wp-content/uploads/2022/01/homepage-featuredsection_cropped.png" />
	<meta property="og:image:width" content="2237" />
	<meta property="og:image:height" content="1054" />
	<meta property="og:image:type" content="image/png" />
<meta name="twitter:card" content="summary_large_image" />
<meta name="twitter:label1" content="Durée de lecture estimée" />
	<meta name="twitter:data1" content="1 minute" />
<script type="application/ld+json" class="yoast-schema-graph">{"@context":"https:\/\/schema.org","@graph":[{"@type":"WebPage","@id":"https:\/\/www.cab-acr.ca\/fr\/la-radiodiffusion-privee\/","url":"https:\/\/www.cab-acr.ca\/fr\/la-radiodiffusion-privee\/","name":"La radiodiffusion privée - Association canadienne des radiodiffuseurs","isPartOf":{"@id":"https:\/\/www.cab-acr.ca\/fr\/#website"},"primaryImageOfPage":{"@id":"https:\/\/www.cab-acr.ca\/fr\/la-radiodiffusion-privee\/#primaryimage"},"image":{"@id":"https:\/\/www.cab-acr.ca\/fr\/la-radiodiffusion-privee\/#primaryimage"},"thumbnailUrl":"https:\/\/www.cab-acr.ca\/wp-content\/uploads\/2022\/01\/homepage-featuredsection_cropped.png","datePublished":"2022-01-06T19:43:20+00:00","dateModified":"2025-10-23T13:07:09+00:00","breadcrumb":{"@id":"https:\/\/www.cab-acr.ca\/fr\/la-radiodiffusion-privee\/#breadcrumb"},"inLanguage":"fr-FR","potentialAction":[{"@type":"ReadAction","target":["https:\/\/www.cab-acr.ca\/fr\/la-radiodiffusion-privee\/"]}]},{"@type":"ImageObject","inLanguage":"fr-FR","@id":"https:\/\/www.cab-acr.ca\/fr\/la-radiodiffusion-privee\/#primaryimage","url":"https:\/\/www.cab-acr.ca\/wp-content\/uploads\/2022\/01\/homepage-featuredsection_cropped.png","contentUrl":"https:\/\/www.cab-acr.ca\/wp-content\/uploads\/2022\/01\/homepage-featuredsection_cropped.png","width":2237,"height":1054},{"@type":"BreadcrumbList","@id":"https:\/\/www.cab-acr.ca\/fr\/la-radiodiffusion-privee\/#breadcrumb","itemListElement":[{"@type":"ListItem","position":1,"name":"Home","item":"https:\/\/www.cab-acr.ca\/fr\/"},{"@type":"ListItem","position":2,"name":"La radiodiffusion privée"}]},{"@type":"WebSite","@id":"https:\/\/www.cab-acr.ca\/fr\/#website","url":"https:\/\/www.cab-acr.ca\/fr\/","name":"Association canadienne des radiodiffuseurs","description":"ACR","potentialAction":[{"@type":"SearchAction","target":{"@type":"EntryPoint","urlTemplate":"https:\/\/www.cab-acr.ca\/fr\/?s={search_term_string}"},"query-input":{"@type":"PropertyValueSpecification","valueRequired":true,"valueName":"search_term_string"}}],"inLanguage":"fr-FR"}]}</script>
<!-- / Yoast SEO plugin. -->

La radiodiffusion privée - Association canadienne des radiodiffuseurs
