{"version":"1.0","provider_name":"Association canadienne des radiodiffuseurs","provider_url":"https:\/\/www.cab-acr.ca\/fr\/","author_name":"CAB Communications","author_url":"https:\/\/www.cab-acr.ca\/fr\/author\/cab-communications\/","title":"\u00c0 la m\u00e9moire d\u2019Ian Greenberg - Association canadienne des radiodiffuseurs","type":"rich","width":600,"height":338,"html":"<blockquote class=\"wp-embedded-content\" data-secret=\"J6py0lxQoB\"><a href=\"https:\/\/www.cab-acr.ca\/fr\/a-la-memoire-dian-greenberg\/\">\u00c0 la m\u00e9moire d\u2019Ian Greenberg<\/a><\/blockquote><iframe sandbox=\"allow-scripts\" security=\"restricted\" src=\"https:\/\/www.cab-acr.ca\/fr\/a-la-memoire-dian-greenberg\/embed\/#?secret=J6py0lxQoB\" width=\"600\" height=\"338\" title=\"\u00ab\u00a0\u00c0 la m\u00e9moire d\u2019Ian Greenberg\u00a0\u00bb &#8212; Association canadienne des radiodiffuseurs\" data-secret=\"J6py0lxQoB\" frameborder=\"0\" marginwidth=\"0\" marginheight=\"0\" scrolling=\"no\" class=\"wp-embedded-content\"><\/iframe><script type=\"text\/javascript\">\n\/* <![CDATA[ *\/\n\/*! This file is auto-generated *\/\n!function(d,l){\"use strict\";l.querySelector&&d.addEventListener&&\"undefined\"!=typeof URL&&(d.wp=d.wp||{},d.wp.receiveEmbedMessage||(d.wp.receiveEmbedMessage=function(e){var t=e.data;if((t||t.secret||t.message||t.value)&&!\/[^a-zA-Z0-9]\/.test(t.secret)){for(var s,r,n,a=l.querySelectorAll('iframe[data-secret=\"'+t.secret+'\"]'),o=l.querySelectorAll('blockquote[data-secret=\"'+t.secret+'\"]'),c=new RegExp(\"^https?:$\",\"i\"),i=0;i<o.length;i++)o[i].style.display=\"none\";for(i=0;i<a.length;i++)s=a[i],e.source===s.contentWindow&&(s.removeAttribute(\"style\"),\"height\"===t.message?(1e3<(r=parseInt(t.value,10))?r=1e3:~~r<200&&(r=200),s.height=r):\"link\"===t.message&&(r=new URL(s.getAttribute(\"src\")),n=new URL(t.value),c.test(n.protocol))&&n.host===r.host&&l.activeElement===s&&(d.top.location.href=t.value))}},d.addEventListener(\"message\",d.wp.receiveEmbedMessage,!1),l.addEventListener(\"DOMContentLoaded\",function(){for(var e,t,s=l.querySelectorAll(\"iframe.wp-embedded-content\"),r=0;r<s.length;r++)(t=(e=s[r]).getAttribute(\"data-secret\"))||(t=Math.random().toString(36).substring(2,12),e.src+=\"#?secret=\"+t,e.setAttribute(\"data-secret\",t)),e.contentWindow.postMessage({message:\"ready\",secret:t},\"*\")},!1)))}(window,document);\n\/\/# sourceURL=https:\/\/www.cab-acr.ca\/wp-includes\/js\/wp-embed.min.js\n\/* ]]> *\/\n<\/script>\n","thumbnail_url":"https:\/\/www.cab-acr.ca\/wp-content\/uploads\/2022\/01\/News-Article-3_-_Remembering-Ian-Greenberg_-Ian-Greenberg-by-The-Canadian-Press-Chris-Young.png","thumbnail_width":1181,"thumbnail_height":658,"description":"Le radiodiffuseur canadien, Ian Greenberg, est malheureusement d\u00e9c\u00e9d\u00e9 le 10 janvier 2022. M. Greenberg \u00e9tait l\u2019un des quatre fr\u00e8res qui ont fond\u00e9 Astral Media Inc. en 1961 \u00e0 Montr\u00e9al, QC. Cette entreprise qui existait d\u2019abord comme cha\u00eene de magasins d\u2019\u00e9quipement de photographie est devenue un chef de file dans les domaines de la radiodiffusion et [&hellip;]"}

À la mémoire d’Ian Greenberg - Association canadienne des radiodiffuseurs

<blockquote class="wp-embedded-content" data-secret="J6py0lxQoB"><a href="https://www.cab-acr.ca/fr/a-la-memoire-dian-greenberg/">À la mémoire d’Ian Greenberg</a></blockquote><iframe sandbox="allow-scripts" security="restricted" src="https://www.cab-acr.ca/fr/a-la-memoire-dian-greenberg/embed/#?secret=J6py0lxQoB" width="600" height="338" title="« À la mémoire d’Ian Greenberg » &#8212; Association canadienne des radiodiffuseurs" data-secret="J6py0lxQoB" frameborder="0" marginwidth="0" marginheight="0" scrolling="no" class="wp-embedded-content"></iframe><script type="text/javascript">
/* <![CDATA[ */
/*! This file is auto-generated */
!function(d,l){"use strict";l.querySelector&&d.addEventListener&&"undefined"!=typeof URL&&(d.wp=d.wp||{},d.wp.receiveEmbedMessage||(d.wp.receiveEmbedMessage=function(e){var t=e.data;if((t||t.secret||t.message||t.value)&&!/[^a-zA-Z0-9]/.test(t.secret)){for(var s,r,n,a=l.querySelectorAll('iframe[data-secret="'+t.secret+'"]'),o=l.querySelectorAll('blockquote[data-secret="'+t.secret+'"]'),c=new RegExp("^https?:$","i"),i=0;i<o.length;i++)o[i].style.display="none";for(i=0;i<a.length;i++)s=a[i],e.source===s.contentWindow&&(s.removeAttribute("style"),"height"===t.message?(1e3<(r=parseInt(t.value,10))?r=1e3:~~r<200&&(r=200),s.height=r):"link"===t.message&&(r=new URL(s.getAttribute("src")),n=new URL(t.value),c.test(n.protocol))&&n.host===r.host&&l.activeElement===s&&(d.top.location.href=t.value))}},d.addEventListener("message",d.wp.receiveEmbedMessage,!1),l.addEventListener("DOMContentLoaded",function(){for(var e,t,s=l.querySelectorAll("iframe.wp-embedded-content"),r=0;r<s.length;r++)(t=(e=s[r]).getAttribute("data-secret"))||(t=Math.random().toString(36).substring(2,12),e.src+="#?secret="+t,e.setAttribute("data-secret",t)),e.contentWindow.postMessage({message:"ready",secret:t},"*")},!1)))}(window,document);
//# sourceURL=https://www.cab-acr.ca/wp-includes/js/wp-embed.min.js
/* ]]> */
</script>

Le radiodiffuseur canadien, Ian Greenberg, est malheureusement décédé le 10 janvier 2022. M. Greenberg était l’un des quatre frères qui ont fondé Astral Media Inc. en 1961 à Montréal, QC. Cette entreprise qui existait d’abord comme chaîne de magasins d’équipement de photographie est devenue un chef de file dans les domaines de la radiodiffusion et [&hellip;]
